Let s be 453/12*1 - 3/(-12). Let p(r) = 3 - 5 + 37*r - 4*r**2 + 1 - s*r. What is p(2)?
-19
Let s(a) = 2*a + 6. Suppose -8*u = 3*u + 110. Let y(p) = -2*p - 26. Let x be y(u). What is s(x)?
-6
Let i(g) = -2*g**2 - 3*g - 3. Suppose -2 - 10 = -4*a, 6 = -4*j - 2*a. What is i(j)?
-12
Let p be (-2)/7 + (-23)/(-7). Suppose -v + 3*n - 5 = 9, 2*v + p*n - 8 = 0. Let o(t) be the second derivative of -2*t**3/3 - t**2 - 599*t. Determine o(v).
6
Let h(r) = -r**3 - 8*r**2 - 6*r + 12. Let x = -7 - 0. Determine h(x).
5
Let l(x) = -5*x + 0 - 1 + 0*x + 4*x. Calculate l(-3).
2
Suppose 3 = n + 4. Let m(d) = -d**2 - 1. Let p(s) = s**3 - 4*s**2 - 3*s - 3. Let a(y) = n*p(y) + m(y). Suppose -16 = -6*g + 2*g. Give a(g).
-2
Let n(y) = y**2 + 4*y. Let j(m) = -32 - 1 - 2 + 2*m. Let u be j(16). What is n(u)?
-3
Let d(a) = -4*a**2 + 2*a + 6. Let s(t) = 3*t**2 - 5*t - 12 + 7 + 3*t. Let o(c) = 2*d(c) + 3*s(c). Let f = -11 - -15. Calculate o(f).
5
Let a(x) = -13*x**3 - x. Suppose 4 = -23*t - 19. Give a(t).
14
Let m(r) = -9*r**3 - 2*r**2 - r - 2. Let q(b) = 46*b**3 + 11*b**2 + 5*b + 11. Let k = 17 - 15. Let s(o) = k*q(o) + 11*m(o). Give s(1).
-8
Let l(i) = 3*i - 8*i + 2 - 3*i**2 + 5*i - 2*i. Let q = 7 + -9. Give l(q).
-6
Let w(b) = -13*b + 1. Suppose 6*i + 72 = -3*i. Let f = i - -9. What is w(f)?
-12
Let c(s) = -3*s**2 - 7*s - 2. Let b be (-20)/(-6) - (-7)/(-21). Let o(n) = -3*n**2 - 8*n - 2. Let k(i) = b*o(i) - 4*c(i). Let q = 9 + -11. Determine k(q).
6
Let w(t) = -2*t**3 + 4*t**3 - t + 6*t**2 - 3*t**3 + 5. Suppose -o - 3*j = 3, -4*o + 27*j + 15 = 30*j. Calculate w(o).
-1
Let w(t) = -t**2 + 3*t - 9. Let u = -2480 - -2486. Determine w(u).
-27
Suppose -18 = -108*v + 105*v. Let n(p) = -p - 6. Calculate n(v).
-12
Let m(s) be the second derivative of -2/3*s**4 + 3*s**2 - 1/20*s**5 + 1 - s**3 - 13*s. Let n = 8 - 15. Give m(n).
-1
Let g(l) = l**3 + 7*l**2 - 10*l - 9. Let s be g(-8). Let h(b) be the third derivative of b**6/120 - 2*b**5/15 + b**4/4 - b**3/2 - 25*b**2 - 3. Calculate h(s).
-10
Suppose -211 = -3*v + 5*u - 56, -5*v - 2*u = -310. Let y = v + -67. Let a(g) = -2*g - 9. Determine a(y).
5
Let w(i) be the second derivative of -1/2*i**2 + 1/6*i**3 + 1/4*i**4 + 15*i + 0. Let u = 1 - 0. Calculate w(u).
3
Suppose 3*i = -5*c + 25, -2*c - 10 = i - 4*c. Suppose -2*g - 13 = -3*k, -5 = -2*k + k. Let f(v) = 8*v + g + 5*v - 16*v + 4*v. What is f(i)?
1
Let r(w) = w + 9. Let u = -316 - -300. Give r(u).
-7
Suppose 5*f - 5 - 5 = 0. Suppose -11*h = -12*h + f. Let a(j) = -3*j + 1. Calculate a(h).
-5
Let i(u) = u - 6. Suppose 2*l = 5*y - 17, 11*y - 6 = 8*y - 3*l. Let c(k) = 3*k**2 - k - 19. Let p be c(y). Calculate i(p).
-1
Suppose 3*y - y - 5*s = 8, y - 5*s = 14. Let n(r) = -r**2 - 7*r - 9. Determine n(y).
-3
Let o(j) = -j**2 - 8*j - 3. Let y be o(-6). Let u = y + 5. Let n(v) = -3*v**2 - 3 + v**3 - 1 + u*v - 18*v - 1. Determine n(4).
-5
Let u(v) = -2*v + 0*v + 35*v**3 - 2*v**2 + 0*v**3 + 3*v**3 - 1 + 0*v. Calculate u(-1).
-39
Let b be (27/(-54))/((-2)/(-4)). Let d(w) = 5*w**2 - w - 1. What is d(b)?
5
Suppose 3*t = 7*t + 3*u + 85, 5*t - u + 130 = 0. Suppose 58 = -3*s + r - 2*r, 5*s + r + 98 = 0. Let q = s - t. Let p(v) = v**2 - 3*v - 7. Give p(q).
3
Suppose l + 54 = 10*l. Let h be 6 - (9/l + 7/14). Let r(x) = x + 3. Let y(q) = q + 2. Let k(z) = 3*r(z) - 2*y(z). Give k(h).
9
Let s(k) = -k**2 - 4*k. Let u be s(-4). Let v(q) = 0*q**3 - 7*q**3 - q**2 + 1 + u*q**3. Let p be (5/20*2)/((-10)/(-20)). Give v(p).
-7
Let x(o) be the first derivative of 1/6*o**3 + 5 - o**2 + 3*o. Let y(m) be the first derivative of x(m). Give y(-2).
-4
Suppose 6*w + 28 = 4*w. Let j be 10/35 + (-66)/w. Let o(f) = -f**3 + 5*f**2 - f. Let p(u) = 2*u**3 - 6*u**2 + u. Let h(i) = j*p(i) + 6*o(i). What is h(1)?
3
Let l = -60 - -64. Let z(w) = -4*w**2 + 5*w**2 + 2 - 2 - l. Calculate z(-3).
5
Let q(v) = v**2 - 12*v. Let j be q(12). Let b(u) = u**2 + 5*u + 4. Let p(h) = 2*h**2 + 9*h + 7. Let a(x) = 11*b(x) - 6*p(x). Determine a(j).
2
Let k(s) = 1 + 25*s + 22*s + 4*s**2 - 43*s. Calculate k(-3).
25
Let o(l) be the first derivative of 15*l**3 + l**2 - l + 60. Determine o(1).
46
Let v be 95/(-20) - 3/(-4). Let c(d) = -d**2 - 9*d - 9. Let b be c(-7). Let m(u) = -b + 5*u**2 - 2*u + 2*u + u + u**3. What is m(v)?
7
Let v(t) = 4*t - 20. Let w be v(6). Let d(c) = -6*c + 3 - 3 - w + 3. Determine d(-3).
17
Let u(i) = -i - 1. Let x(j) = -j - 5. Let l(w) = -5*u(w) + x(w). Let n be ((0 + 3)*(-48)/36)/(-1). Suppose n*k + 6 = 2. What is l(k)?
-4
Let q(r) = 3*r**2 - 7*r - 58. Let v(g) = g**2 - 3*g - 29. Let n(u) = 2*q(u) - 5*v(u). Calculate n(0).
29
Suppose 3*z + 4 = -q, 3*z + 8 = q - 0*z. Let t(f) = -4*f + 3. Let r be t(q). Let w(y) = -5*y + 7. Let s(k) = 28*k - 40. Let o(i) = -6*s(i) - 34*w(i). Give o(r).
-8
Let y(m) be the first derivative of m**4/4 + m**3/3 - m**2 - 7*m + 263. What is y(-3)?
-19
Let u(k) = 6*k + 4. Let d be u(-2). Let l(x) = x**2 + 9*x. Give l(d).
-8
Let b(u) = 132*u**3 - 172*u**3 + 4*u - 3 + 42*u**3 - u**2. Calculate b(2).
17
Let h be 2196/(-126) - (-3)/7. Let d = 24 + h. Let m(w) = -w - 1. Calculate m(d).
-8
Let j(o) be the third derivative of o**4/3 + 11*o**2 + 3. Determine j(-1).
-8
Let l be (-10)/3*(-297)/(-198). Let s(f) be the third derivative of f**5/60 + 7*f**4/24 + 2*f**3/3 - 2*f**2. Determine s(l).
-6
Let c(t) be the second derivative of t**6/240 - t**5/60 - t**4/12 + 3*t. Let q(v) be the third derivative of c(v). Suppose 4*r - 24 = -4*r. Calculate q(r).
7
Let v(b) = -2*b**3 - b. Let g(q) = 4*q**3 + q**2 + 3*q. Let z(s) = -2*g(s) - 5*v(s). Calculate z(-1).
-3
Let a(i) be the second derivative of -i**4/12 + 8*i**3/3 - 9*i**2/2 - 125*i. Determine a(11).
46
Let t(a) be the second derivative of a**5/20 - 2*a**4/3 - 3*a**3/2 + 6*a**2 - 55*a. Give t(9).
12
Let y(h) = h**3 + 4*h**2 - 7*h + 4. Suppose 0 = 2*r + 2*s + 18 - 12, 5*r + 24 = -2*s. Calculate y(r).
-26
Let r(s) be the first derivative of 5*s**2/2 + 32*s + 318. What is r(-7)?
-3
Let n(v) = v**3 + 5*v**2 - v - 1. Let g be n(-5). Let w(q) = -6*q - 3 + 15*q - 8*q. Give w(g).
1
Let d(o) = o**2 + 2*o. Let c = -235 - -233. Determine d(c).
0
Let w(u) = -24*u**2 + 42*u**2 + u**3 + 1 - 24*u**2 - 7*u. Suppose 0 = 2*q + 11 + 1. Let x be (-110)/(-15) + 2/q. Calculate w(x).
1
Let v(r) = -2*r**2 - 47*r + 47. Let y(c) = -c**2 - 16*c + 16. Let q(s) = -3*v(s) + 8*y(s). Let p be q(5). Let h(f) = 10*f - 3. Determine h(p).
17
Suppose 19*x - 18*x = -5. Let a(y) = 0 + 1 - y**2 + 1 + 17*y - 21*y. Determine a(x).
-3
Suppose 2 = d + y, -5*d + 19 = -5*y - 41. Let f(r) = r**3 - 5*r**2 + 2 - 1 + d*r - 7. Let w = -608 + 612. Give f(w).
6
Let q(f) = -33*f - 13. Let o(w) = 28*w + 12. Let u(c) = -6*o(c) - 5*q(c). Give u(-7).
14
Suppose 9*g + 133 = 3*f + 4*g, 11 = f + 5*g. Let a = f - 33. Let k(z) = -z**3 + 5*z**2 - 3*z - 4. Determine k(a).
5
Let a(z) = -z**3 + 3*z**2. Let b(s) = 4*s**3 - 23*s**2 - 5*s + 1. Let c(l) = -5*a(l) - b(l). Calculate c(-7).
13
Let j be 5 - (-6 - -3)*-1. Let b(i) = -7*i + 4 + 5*i + j. Let w be b(5). Let q(l) = l**3 + 2*l**2 - 4*l + 4. Determine q(w).
-12
Let w(l) = -2 + 41 + 6*l - 36. Give w(-5).
-27
Let t(g) = -g**2 - 7*g + 5. Suppose -7 = 4*w - 15. Suppose 2*p + w*p - 24 = 0. Let y = p - 13. Determine t(y).
5
Let b(n) = -n**3 - 4*n**2 + 12. Let d(a) = -2*a**3 - 7*a**2 - a + 27. Let r(g) = -5*b(g) + 2*d(g). Determine r(-6).
6
Suppose 0 = -5*h + 9*h - 32. Suppose 4*k = k + 4*u - 6, u = 4*k + h. Let j(g) = g**3 + g**2 - 2*g - 2. Give j(k).
-2
Suppose 4*p - 3*c + 43 = 10, 0 = -5*p - 4*c - 18. Let d(w) = -2*w**2 - 16*w - 17. Give d(p).
7
Suppose 0 = -5*j + q + 72, -7 = -2*j - 3*q + 15. Suppose -15 = 4*i + 5*t, -i + 4*t = i + j. Let s(y) = -y**3 - 6*y**2 - 6*y. What is s(i)?
5
Let y = -168 + 172. Let s(c) = -c**3 + 6*c**2 + 2*c - 4. Let w be s(6). Suppose -5*r - x - y = 0, -2*r + 2*x - w = 4*x. Let o(q) = q + 1. Calculate o(r).
1
Let b(j) = j**2 + j**2 + 3 - 8 - 12*j - 3*j**2 + 12. Calculate b(-13).
-6
Let u(p) = p + 0 + 2 - 3*p + 3. Let g be ((-5)/2)/((-6)/24). Suppose 4*i - g - 4 = -2*n, -4*i - 16 = -4*n. Give u(n).
-5
Let x(l) = 154*l - 304*l + 153*l. Give x(1).
3
Let f be (-54)/(-90) + (-74)/(-10). Let i(n) = n**3 - 7*n**2 - 9*n - 2. What is i(f)?
-10
Let d(u) = 5 + 3*u - 2 + 2 - 5*u**2 - u**3. Let k(o) = -5*o**3 - 20*o**2 + 11*o + 21. Let t(j) = 9*d(j) - 2*k(j). Determin